 the units digit of 518528?
8
What is the tens digit of 1300589?
8
What is the tens digit of 404326?
2
What is the thousands digit of 3819605?
9
What is the thousands digit of 3943090?
3
What is the thousands digit of 2544269?
4
What is the units digit of 15308252?
2
What is the hundred thousands digit of 7170491?
1
What is the hundreds digit of 222183?
1
What is the ten thousands digit of 7171885?
7
What is the hundred thousands digit of 18666380?
6
What is the millions digit of 1483533?
1
What is the hundred thousands digit of 3328880?
3
What is the hundreds digit of 7576735?
7
What is the ten thousands digit of 807385?
0
What is the hundreds digit of 11857736?
7
What is the thousands digit of 58444?
8
What is the units digit of 760078?
8
What is the units digit of 15674?
4
What is the hundreds digit of 1072559?
5
What is the hundreds digit of 217939?
9
What is the millions digit of 7649336?
7
What is the ten thousands digit of 1238740?
3
What is the hundreds digit of 8466888?
8
What is the hundreds digit of 326288?
2
What is the hundred thousands digit of 895593?
8
What is the ten thousands digit of 160603?
6
What is the thousands digit of 41800669?
0
What is the hundred thousands digit of 318864?
3
What is the tens digit of 33656670?
7
What is the hundreds digit of 20422?
4
What is the units digit of 63270?
0
What is the tens digit of 4064654?
5
What is the hundreds digit of 528639?
6
What is the tens digit of 231522?
2
What is the tens digit of 9105060?
6
What is the tens digit of 57504?
0
What is the hundred thousands digit of 591170?
5
What is the hundreds digit of 24716?
7
What is the hundreds digit of 4552106?
1
What is the tens digit of 9804987?
8
What is the millions digit of 5414277?
5
What is the units digit of 6433035?
5
What is the hundred thousands digit of 275261?
2
What is the units digit of 1647843?
3
What is the hundred thousands digit of 380592?
3
What is the ten thousands digit of 148501?
4
What is the millions digit of 41027939?
1
What is the tens digit of 2996007?
0
What is the millions digit of 4137297?
4
What is the tens digit of 760897?
9
What is the tens digit of 3232050?
5
What is the hundred thousands digit of 16565994?
5
What is the thousands digit of 735943?
5
What is the hundreds digit of 34070723?
7
What is the units digit of 7840590?
0
What is the hundred thousands digit of 262309?
2
What is the ten thousands digit of 5961894?
6
What is the ten thousands digit of 3439125?
3
What is the hundreds digit of 960514?
5
What is the ten thousands digit of 4724107?
2
What is the hundred thousands digit of 2314554?
3
What is the millions digit of 1169919?
1
What is the ten millions digit of 28230125?
2
What is the ten thousands digit of 353937?
5
What is the ten thousands digit of 76454?
7
What is the ten thousands digit of 361709?
6
What is the hundred thousands digit of 1329553?
3
What is the hundreds digit of 457349?
3
What is the hundreds digit of 2730559?
5
What is the millions digit of 6727692?
6
What is the units digit of 7707307?
7
What is the hundreds digit of 1099295?
2
What is the thousands digit of 591204?
1
What is the hundreds digit of 4140438?
4
What is the ten millions digit of 20265427?
2
What is the thousands digit of 702093?
2
What is the hundreds digit of 1622942?
9
What is the ten thousands digit of 2885226?
8
What is the thousands digit of 10843995?
3
What is the hundreds digit of 15063?
0
What is the thousands digit of 130348?
0
What is the hundred thousands digit of 575871?
5
What is the tens digit of 1019742?
4
What is the tens digit of 310608?
0
What is the hundred thousands digit of 1266450?
2
What is the units digit of 702772?
2
What is the ten thousands digit of 188887?
8
What is the thousands digit of 6427659?
7
What is the millions digit of 1594011?
1
What is the hundreds digit of 9738?
7
What is the ten thousands digit of 794984?
9
What is the millions digit of 5824495?
5
What is the hundred thousands digit of 389274?
3
What is the ten thousands digit of 567132?
6
What is the hundred thousands digit of 103091?
1
What is the units digit of 398608?
8
What is the tens digit of 195367?
6
What is the units digit of 107177?
7
What is the ten thousands digit of 7273066?
7
What is the ten thousands digit of 1649432?
4
What is the ten thousands digit of 24224663?
2
What is the millions digit of 14116395?
4
What is the millions digit of 1625339?
1
What is the units digit of 1963938?
8
What is the ten thousands digit of 6735437?
3
What is the millions digit of 7351327?
7
What is the thousands digit of 176112?
6
What is the thousands digit of 366989?
6
What is the tens digit of 648971?
7
What is the units digit of 645207?
7
What is the thousands digit of 9687688?
7
What is the hundred thousands digit of 303410?
3
What is the hundred thousands digit of 10660916?
6
What is the hundred thousands digit of 829492?
8
What is the hundreds digit of 150458?
4
What is the ten thousands digit of 6418456?
1
What is the hundreds digit of 8320187?
1
What is the hundred thousands digit of 957096?
9
What is the thousands digit of 3402291?
2
What is the ten thousands digit of 1834839?
3
What is the hundreds digit of 3040083?
0
What is the units digit of 767962?
2
What is the thousands digit of 385613?
5
What is the tens digit of 169028?
2
What is the thousands digit of 32601027?
1
What is the units digit of 28665?
5
What is the thousands digit of 1810899?
0
What is the tens digit of 988239?
3
What is the tens digit of 2274681?
8
What is the thousands digit of 9324995?
4
What is the units digit of 18808829?
9
What is the units digit of 150235?
5
What is the units digit of 562024?
4
What is the units digit of 1669984?
4
What is the thousands digit of 9535681?
5
What is the hundreds digit of 969781?
7
What is the ten thousands digit of 219154?
1
What is the units digit of 2718845?
5
What is the hundred thousands digit of 541453?
5
What is the ten thousands digit of 2159589?
5
What is the hundred thousands digit of 269471?
2
What is the hundreds digit of 113472?
4
What is the hundred thousands digit of 556099?
5
What is the tens digit of 613154?
5
What is the millions digit of 7467653?
7
What is the tens digit of 1657651?
5
What is the hundred thousands digit of 1822868?
8
What is the tens digit of 91388?
8
What is the hundreds digit of 170311?
3
What is the units digit of 8569295?
5
What is the ten thousands digit of 142966?
4
What is the thousands digit of 2881335?
1
What is the units digit of 870457?
7
What is the tens digit of 394714?
1
What is the units digit of 1171602?
2
What is the hundreds digit of 6480479?
4
What is the ten thousands digit of 751957?
5
What is the hundred thousands digit of 970471?
9
What is the hundreds digit of 1233683?
6
What is the ten thousands digit of 9684053?
8
What is the tens digit of 9507504?
0
What is the ten thousands digit of 344509?
4
What is the tens digit of 791271?
7
What is the hundreds digit of 253047?
0
What is the thousands digit of 1669912?
9
What is the thousands digit of 41098698?
8
What is the ten thousands digit of 1716971?
1
What is the hundred thousands digit of 16454091?
4
What is the ten thousands digit of 231059?
3
What is the thousands digit of 15008?
5
What is the units digit of 2043482?
2
What is the thousands digit of 502603?
2
What is the tens digit of 32823672?
7
What is the hundred thousands digit of 272105?
2
What is the tens digit of 369100?
0
What is the units digit of 209575?
5
What is the ten thousands digit of 388581?
8
What is the tens digit of 187477?
7
What is the hundred thousands digit of 874472?
8
What is the tens digit of 277260?
6
What is the tens digit of 822493?
9
What is the millions digit of 27492395?
7
What is the ten thousands digit of 4979566?
7
What is the hundred thousands digit of 1067165?
0
What is the hundreds digit of 1147891?
8
What is the thousands digit of 13080618?
0
What is the ten thousands digit of 813383?
1
What is the hundreds digit of 60992?
9
What is the millions digit of 5645307?
5
What is the hundreds digit of 5240911?
9
What is the ten thousands digit of 10870059?
7
What is the thousands digit of 1295589?
5
What is the hundreds digit of 2899502?
5
What is the ten thousands digit of 9548693?
4
What is the thous